ivative of -b**5/20 - b**4/2 + 5*b**3/6 - 7*b**2/2 - 3*b. List the prime factors of n(-7).
7
Let d be 90/25 + (-4)/(-10). Suppose -4*g = a + 3 - 11, -a = 2*g - 4. Suppose 0 = d*j, a*j = 3*s + j - 15. What are the prime factors of s?
5
Let f = 225 + -57. What are the prime factors of f?
2, 3, 7
Let y be (0 - 1 - -2) + 2. Suppose -y*g = 15 - 3. Let c = g + 14. What are the prime factors of c?
2, 5
Suppose 8 = -4*h, 2*m - 23 = 4*h - 9. Suppose 0 = 2*b + m*b - 205. What are the prime factors of b?
41
Suppose -11 = -p + 3*q, 5*p - 35 = -q + 6*q. Suppose 0 = 5*u + 3*v - 8, p*u - 2*v - 2 = u. Suppose z = -u + 6. List the prime factors of z.
5
Let k = -6 + 3. Let v be 2 - (5 + k)*1. Suppose -4*n = -5*z - 31, z + 2 + 1 = v. List the prime factors of n.
2
Suppose -30 = -2*o + 34. List the prime factors of o.
2
Let s = -22 + 31. What are the prime factors of s?
3
Let w = -10 - -40. Suppose -19 = 4*q + 65. Let h = q + w. What are the prime factors of h?
3
List the prime factors of 5*2/(10/63) + 3.
2, 3, 11
Suppose -110 = 5*k + 370. Let d = k + 134. List the prime factors of d.
2, 19
Suppose -4*g + 3*g = -2*h + 286, -4*h - g = -584. What are the prime factors of h?
5, 29
Let v = 49 + -18. Let g = v + -17. What are the prime factors of g?
2, 7
Suppose 0 = -3*f + 5*s + 346, 0 = -f + 3*s - 2*s + 118. List the prime factors of f.
2, 61
Suppose 2*a - 5 = 5. Suppose -a*t - 7 = b, -3*b + t + 8 = -19. What are the prime factors of b?
2
List the prime factors of (-1665)/(-12)*1 + (-3)/4.
2, 3, 23
Let d = -20 + 25. List the prime factors of d.
5
Let d(h) be the first derivative of h**4/4 - 2*h**3 - 3*h**2 + 4*h + 1. What are the prime factors of d(7)?
11
List the prime factors of (-47)/(-7) + 2 + 2/7.
3
Suppose -g = -1, -4*j - 3*g = -0*g - 591. What are the prime factors of j?
3, 7
Suppose 0*j = -2*j + 24. Suppose 2*m - 52 + j = 0. List the prime factors of m.
2, 5
Let z(u) = 0*u - u + 0*u - 8. List the prime factors of z(-10).
2
Let z = -1 + 6. Let c = z - 3. Suppose 2*h = -5*u + u + 58, -c*u + 2*h = -14. What are the prime factors of u?
2, 3
Let z(s) = -s**2 - 6*s + 7. Let n be z(-5). Suppose -n = -j - 2. List the prime factors of j.
2, 5
Suppose -5*j + 0*j - 5*b + 770 = 0, j + 4*b = 163. What are the prime factors of j?
151
Let f(t) = t**2 - 9*t - 3. Let m(w) = 5*w**2 - 37*w - 12. Let j(y) = 9*f(y) - 2*m(y). Let q be j(-6). Suppose 0*c - 27 = -q*c. List the prime factors of c.
3
List the prime factors of (-2)/6*(-24 - -12).
2
Let q(u) = 5*u**2 + u - 1. Let c be q(1). Suppose -c*h + 16 = -h. Suppose -h*w - 8 = -64. What are the prime factors of w?
2, 7
Suppose -4*p + 17 = n - 2*p, -2*p - 8 = 0. List the prime factors of n.
5
Suppose 4*a = -181 + 533. List the prime factors of a.
2, 11
Suppose 113 = 4*q - 15. Let m = q - 4. Suppose -i + m = 5*a, -i + a + 2 = 4. List the prime factors of i.
3
List the prime factors of (-3)/5 + 686/35.
19
Let w(b) = -b - 7. Let s be w(-8). What are the prime factors of 7 - (-1)/s*-3?
2
Suppose 5*c - c + 100 = 0. Let x be (60/c)/(1/(-5)). Suppose 2*y + y = x. What are the prime factors of y?
2
Let w(i) = i**3 - 5*i**2 + i - 3. Let m be w(5). Let r = m + 0. Suppose 0 = -2*a + 4*h, 4*h + 10 = 4*a + r. What are the prime factors of a?
2
Let c(a) = -a**3 + 7*a**2 - 5*a + 6. Let n = 2 + 0. Let l be (-56)/(-10) - n/(-5). What are the prime factors of c(l)?
2, 3
Let u(j) = -j + 1. Let k = 11 + -6. Suppose -5*i - 35 = -5*t, k*t + 21 = -6*i + 3*i. List the prime factors of u(i).
2
Let k be 1 + -3 - (-2 - -14). Suppose 4*j = 3*j + 3. What are the prime factors of 3/(-2)*k/j?
7
Let i(b) = -21*b**3 + 22*b**3 + 4*b + 10*b**2 + 0 + 11. List the prime factors of i(-9).
2, 7
Let x = 4 - 3. Let o(z) = z**3 - 2*z**2 + 1. Let n be o(x). Suppose n = -v - 4*v + 45. List the prime factors of v.
3
Let y(q) be the first derivative of -6*q**2 - 7*q - 7. List the prime factors of y(-4).
41
Suppose -23 = -4*z + 5*m - 3, 0 = -z + m + 4. Let d = z - -21. List the prime factors of d.
3, 7
Suppose 0 = 3*w + 32 + 28. Let g be -1*(-1 + 2 - -1). What are the prime factors of w/g + 6 + -6?
2, 5
Suppose -2*h = h - 9. Let x be (-11)/3 + (-1)/h. Let y = -2 - x. List the prime factors of y.
2
Suppose -4*u = 2*m - 46 - 0, -2*u = -2*m + 40. What are the prime factors of m?
3, 7
Let i(k) = k**3 + 10*k**2 + 8*k - 9. Let f be i(-9). Suppose 3*t - 26 = -5*z, 0 = -4*t - 2*z + 4*z + 26. Suppose t + f = n. What are the prime factors of n?
7
Suppose 0*h + 18 = -3*h. Let i be -22 + -1 + h/(-6). List the prime factors of i/3*(-3 - 0).
2, 11
Suppose n - 25 = 6. List the prime factors of n.
31
Suppose -14 = -4*d - 6. Suppose -3 = d*x - 11. Suppose -x*k + 24 = -2*k. What are the prime factors of k?
2, 3
Suppose -2*y + y = 8. Let q = -6 - y. List the prime factors of q.
2
Let c(q) = -q - 5. Suppose 2*i = -3*x - 6 - 10, x + 3*i = 4. Let a be c(x). Suppose a*d = -d + 12. List the prime factors of d.
3
Let u(j) = j**3 + 2*j**2 + 4 + 4*j**2 - 2*j**2 - 4*j. Let w = 43 - 47. List the prime factors of u(w).
2, 5
Let z be 2/(-6) + 408/9. What are the prime factors of z/3 + -1*1?
2, 7
Let z = -3 - -5. Suppose 3*p + o - 33 = -z*o, 5*p - 4*o = 10. What are the prime factors of p?
2, 3
Let q = 58 - 34. List the prime factors of q.
2, 3
List the prime factors of ((-64)/(-6))/((-1)/(-3)).
2
Let o(v) = -v**3 + 3*v**2 + 7*v - 6. Let k be o(4). Suppose -3*j = -0*j - k. List the prime factors of j.
2
Let y(l) = 295*l**3 + 2*l**2 + 3*l - 4. What are the prime factors of y(1)?
2, 37
Let f(g) = -15*g**2 + g. Let y be f(1). Let i = 8 + y. What are the prime factors of (-1 - 1)/(i/12)?
2
Let u(q) = -q**2 + 0 + 3 + 2*q + 2*q**2. Let k = 33 - 30. What are the prime factors of u(k)?
2, 3
Suppose 3*y - 35 = -8. Suppose 4*p - 1 = 3. Let x = y + p. List the prime factors of x.
2, 5
Suppose 4*h - 20 = 0, 4*h = 3*b + b - 236. List the prime factors of b.
2
Suppose -3*q + 21 = -153. Suppose 5*w - 52 = 5*l + q, -2*w + 5*l = -38. List the prime factors of w.
2, 3
Let c(g) = g**2 + 7*g - 6. Let s(k) = -2*k**2 + 2*k + 4. Let u be s(3). What are the prime factors of c(u)?
2
Suppose 4*h - 2*v = 14, -5*h + 3*v = 8*v - 10. What are the prime factors of 6 + 0 + (-9)/h?
3
Suppose -2*t - 4*b + 252 = -9*b, 2*b - 8 = 0. What are the prime factors of t?
2, 17
Suppose 1 - 5 = -u. Suppose 0*k + 3 = k - 5*a, -a = -2*k + 6. Suppose -k*i = -i - u. What are the prime factors of i?
2
Let o = 15 + -1. What are the prime factors of o?
2, 7
Let w = 3 - 5. Let a be w*3/(-6)*-22. Let t = a + 33. What are the prime factors of t?
11
Suppose v = 1 + 2. Suppose -86 = 5*c - 3*w, v*w = 3*c + 56 - 2. List the prime factors of 4/1*(-12)/c.
3
Suppose -3*u = 18 - 270. Let x be u/10 - (-2)/(-5). Suppose 0 = -2*q + q + x. What are the prime factors of q?
2
List the prime factors of (-162)/(-15) - (-6)/30.
11
Let b(o) = 23*o. What are the prime factors of b(4)?
2, 23
Suppose 182 = 2*f + 16. What are the prime factors of f/6 - (-1)/6?
2, 7
Suppose -3*f - 404 = -0*t - 4*t, 0 = 5*t - f - 494. What are the prime factors of t?
2, 7
List the prime factors of (-34)/(-5) + 7/35.
7
Suppose 2*w = -y - 2*w - 33, y - 7 = 4*w. Let a = 1 - y. What are the prime factors of a?
2, 7
What are the prime factors of (4/6)/((-10)/(-5955))?
397
Let d = 22 - 12. Let y be (5/(d/24))/1. What are the prime factors of (y/18)/((-2)/(-6))?
2
Suppose -2*w = -26 - 36. Suppose -5*j + 19 = -w. What are the prime factors of j?
2, 5
Let o(c) be the first derivative of c**6/360 + c**4/24 + c**3/3 + 2. Let t(g) be the third derivative of o(g). What are the prime factors of t(-1)?
2
Let u(a) = -a - 1. Let f be u(-3). Suppose v = 2*s + 8, 3*s = f*s + 1. List the prime factors of v.
2, 5
Let f(x) = x**2 + 5*x + 5. Suppose 22 = -5*p - 3. Let z be f(p). List the prime factors of (-6)/z*(-120)/9.
2
What are the prime factors of (-2 - -4)*(3 + 13)?
2
Let h(z) = z**2 + 8*z + 8. Let o be h(-6). Let g = o + 6. Suppose 16 = g*y - 12. List the prime factors of y.
2, 7
List the prime factors of (-12)/42 + 1129/7.
7, 23
Suppose -t + 72 = 3*t. What are the prime factors of t?
2, 3
Let h(s) = -s**3 - 4*s**2 - 4*s. Let r be h(-3). Suppose -2*x + 4*g = x - 104, -5*g = -r*x + 106. List the prime factors of x.
2
Suppose 3*t - 2 = 2*j, j - t - 4*t + 15 = 0. Suppose 5*m = -5*r + 40, j*r - r - 3*m + 3 = 0. What a